{"id":116,"date":"2014-03-14T09:27:54","date_gmt":"2014-03-14T09:27:54","guid":{"rendered":"https:\/\/teatreeoil.it\/?page_id=18"},"modified":"2017-04-21T13:28:36","modified_gmt":"2017-04-21T11:28:36","slug":"tea-tree-oil-utilizzo","status":"publish","type":"page","link":"https:\/\/teatreeoil.it\/?page_id=116","title":{"rendered":"Tea Tree Oil &#8211; Utilizzo"},"content":{"rendered":"<h3>Rinite, sinusite e raffreddore<\/h3>\n<p>Una delle patologie pi\u00f9 comuni a livello mondiale, il raffreddore \u00e8 una malattia altamente contagiosa, di origine virale, che provoca l&#8217;infiammazione della mucosa nasale e faringea. La rinite, causata da un\u2019infiammazione cronica o acuta della mucosa del naso dovuta a virus, batteri o irritazioni, consiste invece nell\u2019irritazione di alcune aree interne del naso. Il primo sintomo di una rinite, analogamente al raffreddore, \u00e8 la rinorrea, ossia il naso che cola, e l&#8217;infiammazione provoca una massiccia produzione di muco causando congestione nasale e catarro. In caso di sinusite si manifestano anche la fuoriuscita di muco o pus dal naso, febbre e cefalea, che si risolvono generalmente nell\u2019arco di qualche giorno.<br \/>\nIn caso di rinite, raffreddore o sinusite, si consiglia di sciogliere 4-5 gocce di tea tree oil in acqua bollente per effettuare suffumigi o applicare un paio di gocce di olio essenziale direttamente sotto le narici, pi\u00f9 volte durante la giornata.<\/p>\n<h3>Abrasioni e scottature<\/h3>\n<p>Le scottature possono essere provocate da fiamme, liquidi ed oggetti ad elevate temperature, ma anche dal sole e qualsiasi altra sorgente di raggi UVA, come per esempio le lampade abbronzanti.<br \/>\nGrazie alle propriet\u00e0 lenitive ed antisettiche, il tea tree oil \u00e8 indicato come coadiuvante in caso di abrasioni e scottature e non provoca ulteriore bruciore. \u00c8 consigliabile applicare qualche goccia di olio di tea tree direttamente sull\u2019area interessata due o tre volte al giorno con una garza inumidita, fino a quando non si riscontra un apprezzabile miglioramento.<\/p>\n<h3>Ascesso dentale<\/h3>\n<p>L\u2019ascesso dentale consiste in un accumulo di batteri, plasma e pus nei tessuti che circondano un dente, ossia gengiva, osso mandibolare e polpa del dente. L\u2019ascesso si manifesta generalmente in conseguenza a carie complicate, interventi malriusciti sui denti, cattiva igiene orale e lesioni gravi, che provocano un\u2019infezione purulenta di denti o gengive, accompagnata da un intenso ed implacabile mal di denti, febbre, ipersensibilit\u00e0 dentinale, gengive gonfie, alitosi ed ingrossamento dei linfonodi del collo. Il tea tree oil \u00e8 in grado di alleviare il dolore derivante da un ascesso dentale. Applicatene un paio di gocce direttamente sull\u2019ascesso almeno tre volte al giorno.<\/p>\n<h3>Acne<\/h3>\n<p>L\u2019acne \u00e8 un\u2019infiammazione delle ghiandole pilosebacee che si manifesta con la comparsa di papule, pustole, comedoni e cisti. Studi in vitro e trial clinici hanno dimostrato l\u2019efficacia dell\u2019olio di tea tree come dermopurificante naturale e sebo-equilibrante, estremamente utile ed efficace nel trattamento della pelle impura. L\u2019olio di tea tree possiede propriet\u00e0 purificanti e leggermente irritanti, che lo rendono un ottimo prodotto nella cura dell\u2019acne, in quanto si assorbe velocemente. In caso di acne, si consiglia di versare poche gocce di tea tree oil su un dischetto di cotone inumidito e detergere la zona ogni giorno, al mattino ed alla sera, fino alla scomparsa del problema o perlomeno ad una riduzione dell\u2019infiammazione, evitando accuratamente il contatto con gli occhi.<br \/>\nInoltre, per combattere l&#8217;acne esistono in commercio apposite creme e lozioni a base di tea tree oil, in grado di contrastare efficacemente il disturbo portando in breve tempo alla sua scomparsa definitiva, in quanto contribuiscono ad eliminare i batteri responsabili della comparsa di cisti, brufoli, papule, comedoni ed infiammazioni cutanee.<\/p>\n<h3>Disturbi alla gola<\/h3>\n<p>L\u2019olio di tea tree \u00e8 noto per le propriet\u00e0 antivirali ed antinfiammatorie. L\u2019azione espettorante che contraddistingue il tea tree oil risulta essere estremamente efficace per ridurre il muco causato da bronchiti ed infezioni dell&#8217;apparato respiratorio. I disturbi alla gola possono essere provocati da sostanze irritanti presenti nell\u2019ambiente, come per esempio il fumo, o possono essere scatenati da virus e batteri. Con l\u2019olio essenziale di tea tree \u00e8 possibile alleviare i disturbi della gola, semplicemente diluendone un paio di gocce in un bicchiere d\u2019acqua e facendo dei gargarismi o sciacqui, anche pi\u00f9 volte durante il giorno, senza ingerirlo, oppure diluendone una piccola dose in un po\u2019 di miele o in 20 gocce di propoli.<\/p>\n<h3>Stomatite aftosa<\/h3>\n<p>Per stomatite s\u2019intende un processo infiammatorio che interessa la cavit\u00e0 orale e pu\u00f2 essere localizzato in un punto preciso della mucosa orale o interessarla in maniera generalizzata. La stomatite pu\u00f2 comportare differenti sintomi all\u2019interno del cavo orale, quali gonfiore, arrossamento, afte e perdite di sangue. Il tea tree oil \u00e8 efficace nel contrastare molte infezioni della mucosa orale, tra cui afte e micosi in generale. Per le infezioni della bocca si consiglia di diluire 4-5 gocce di tea tree oil in un bicchiere d\u2019acqua, mescolare accuratamente ed eseguire degli sciacqui o gargarismi, oppure diluirle in 20 gocce di propoli o in un po\u2019 di miele.<\/p>\n<h3>Arrossamenti, irritazioni, prurito cutaneo, eritemi solari e da rasatura<\/h3>\n<p>Grazie alle propriet\u00e0 rinfrescanti e lenitive, l\u2019olio di tea tree \u00e8 utilizzato anche come coadiuvante in caso di prurito cutaneo, eritemi solari, da rasatura o da pannolino, arrossamenti ed irritazioni dovute ad agenti esterni. Del tutto equiparabili ad ustioni di primo o secondo grado, gli eritemi solari sono dovuti ad un\u2019eccessiva e prolungata esposizione ai raggi solari senza un\u2019adeguata protezione solare. La scottatura solare pu\u00f2 provocare arrossamento della pelle, vescicole e bolle fortemente pruriginose, estrema sensibilit\u00e0 della pelle al tatto, esfoliazione e secchezza cutanea.<br \/>\nSi consiglia di miscelare qualche goccia di tea tree oil con dell\u2019olio di mandorle ed applicare il composto ottenuto direttamente sulle zone interessate, dopodich\u00e9 si raccomanda di interrompere per qualche giorno l\u2019esposizione ai raggi solari.<\/p>\n<h3>Tinea pedis, calli e duroni<\/h3>\n<p>La Tinea pedis, altres\u00ec nota come tigna del piede, tricofitosi o piede d\u2019atleta, \u00e8 una micosi contagiosa provocata da un fungo chiamato Trichophyton ed altri tipi di funghi del genere Epidermophyton, che si vanno a localizzare negli spazi interdigitali dei piedi. Si tratta di un fastidioso disturbo della pelle causato da un gruppo di funghi che si annidano tra le dita della pianta del piede, provocando spaccature, screpolature cutanee, tagli, ispessimento della pelle e desquamazione tra le dita del piede. Questo tipo di patologia contagiosa tende a colpire pi\u00f9 di frequente gli atleti e coloro che frequentano assiduamente centri sportivi pubblici come piscine e palestre. La trasmissione di tale malattia avviene per contatto grazie a frammenti di pelle che si disperdono nell&#8217;ambiente. Il contagio pu\u00f2 avvenire sia direttamente che indirettamente, per esempio per presa di contatto con pavimenti, pedane, docce o altri oggetti utilizzati da soggetti colpiti da micosi.<br \/>\nL\u2019olio di tea tree \u00e8 utile nella prevenzione della Tinea pedis, calli e duroni. In questi casi si consiglia di eseguire le applicazioni dell\u2019olio essenziale di tea tree concentrato, pi\u00f9 volte al giorno, massaggiando accuratamente per permettere una diffusione ed una concentrazione dell&#8217;olio efficace a livello tissutale, fino alla scomparsa dell\u2019infezione. In alternativa potete provare ad applicare qualche goccia di olio essenziale di tea tree con una garza inumidita sulle zone interessate, lasciando l\u2019area scoperta fino a completo assorbimento.<\/p>\n<h3>Gengive infiammate, doloranti ed arrossate<\/h3>\n<p>Le gengive infiammate rappresentano un fenomeno doloroso che si manifesta con gonfiore, alitosi e sanguinamento. Le gengive infiammate sono un sintomo che accomuna numerosi disturbi del cavo orale, quali gengiviti e piorrea. Anche una scarsa igiene dentale pu\u00f2 essere causa di gengive infiammate e doloranti, per via dell\u2019accumulo di placca e residui di cibo sui denti e sulle gengive, che crea le condizioni ideali per la proliferazione dei batteri.<br \/>\nUtilizzato a mo\u2019 di collutorio o applicato direttamente sulle zone interessate, il tea tree oil porta grande beneficio in caso di arrossamento delle gengive e bruciori del cavo orale. Si consiglia di diluire 2-3 gocce di olio essenziale di tea tree in un bicchiere d\u2019acqua ed effettuate degli sciacqui pi\u00f9 volte durante la giornata.<\/p>\n<h3>Herpes labiale<\/h3>\n<p>Causato da un bacillo chiamato Herpes Simplex Virus HSV, appartenente alla famiglia degli Herpes virus, l\u2019herpes labiale affligge oltre 10 milioni di italiani.<br \/>\nSi tratta di un problema estremamente fastidioso, uno sfogo cutaneo che si manifesta con antiestetiche vescicole sulle labbra che provocano prurito intenso. Il virus pu\u00f2 resistere silente per anni all\u2019interno dei gangli nervosi dell\u2019organismo senza dare alcun sintomo e manifestarsi improvvisamente, soprattutto in situazioni di stress psichico o fisico particolarmente intenso, malessere generale dell&#8217;organismo, abbassamento delle difese immunitarie, febbre, gravidanza, prolungata esposizione ai raggi solari ed assunzione di determinati cibi contenenti arginina. L\u2019herpes si manifesta inizialmente con una sensazione di prurito ed intenso calore su un punto arrossato del labbro. Nel giro di qualche ora, tale sensazione lascia il posto ad un\u2019antiestetica chiazza che si ricopre velocemente di vescicole.<br \/>\nIl processo infiammatorio dura generalmente un paio di giorni, dopodich\u00e9 le vescicole si asciugano formando una crosta dal colore giallastro che rimane sul labbro per almeno due settimane prima di scomparire del tutto.<br \/>\nIl tea tree oil \u00e8 utile nel trattamento dell\u2019herpes labiale. Si consiglia di applicarne poche gocce pi\u00f9 volte al d\u00ec, direttamente sull\u2019herpes labiale, fino a miglioramento. Si raccomanda di evitare il contatto diretto con il contagocce e di esporsi al sole.<\/p>\n<h3>Disturbi delle unghie e della pelle<\/h3>\n<p>Qualora le unghie presentino discromie o microfratture, \u00e8 possibile che sia in atto un\u2019alterazione delle funzionalit\u00e0 metaboliche dell\u2019organismo. L\u2019olio di tea tree \u00e8 utile ed efficace nel trattamento delle malattie delle unghie e dei disturbi della pelle e delle mucose, quali, per esempio, arrossamento, desquamazione, prurito e bruciore. Si consiglia di applicare un paio di gocce di tea tree oil sulle zone interessate, pi\u00f9 volte durante la giornata, massaggiando delicatamente fino a completo assorbimento.<\/p>\n<h3>Infezioni vaginali<\/h3>\n<p>Di natura batterica, fungina o virale, le infezioni vaginali coinvolgono i genitali femminili, procurando un danno pi\u00f9 o meno significativo. L&#8217;infezione tende nella maggior parte dei casi a diffondersi nelle aree adiacenti, specialmente in caso di ritardo diagnostico e mancanza di trattamenti specifici. Le infezioni vaginali pi\u00f9 ricorrenti sono la candidosi, la clamidia, l\u2019herpes genitale e la gonorrea o blenorragia.<br \/>\nSotto forma di lozione, con una concentrazione del 15%, l\u2019olio di tea tree \u00e8 utile in caso di disturbi delle mucose dei genitali ed infezioni vaginali, grazie alle propriet\u00e0 lenitive e rinfrescanti, sia per lavaggi esterni che per lavande interne, nella misura di un ml per quarto di litro d&#8217;acqua. Per le lavande interne, si consiglia di miscelare 5 gocce di tea tree oil in 250 ml di acqua fredda, precedentemente bollita. Esistono in commercio anche delle pratiche capsule di gelatina naturale preconfezionate a base di calendula e tea tree. Nei casi specifici si raccomanda di consultare il medico per un dosaggio adeguato.<\/p>\n<h3>Punture d\u2019insetto<\/h3>\n<p>Molte specie di insetti ed aracnidi pungono o mordono gli esseri umani regolarmente od occasionalmente, per una serie di diversi motivi. Le punture degli insetti rappresentano un problema piuttosto comune, ma generalmente innocuo. Molti insetti ematofagi, come zanzare, tafani e moscerini pungono per nutrirsi di sangue e la reazione, in genere, consiste nella comparsa di irritazioni localizzate, che tendenzialmente scompaiono nell\u2019arco di un paio di giorni senza gravi conseguenze, se non una sensazione di fastidio ed intenso prurito. Anche ragni, acari e zecche possono provocare il medesimo effetto.<br \/>\nL\u2019olio di tea tree \u00e8 in grado sia di alleviare la sensazione di prurito derivante dalle punture d\u2019insetto, sia di fungere da repellente per gli insetti. Si consiglia di applicare qualche goccia di tea tree oil direttamente sull\u2019area interessata o con l\u2019aiuto di una garza, pi\u00f9 volte durante la giornata, fino alla scomparsa del prurito. Per tenere lontani gli insetti, invece, basta versare quattro gocce di tea tree oil nell\u2019acqua di un brucia essenze in ceramica o in metallo.<\/p>\n<h3>Pidocchi<\/h3>\n<p>I pidocchi sono dei parassiti inoffensivi che si annidano sul cuoio capelluto, provocando forte prurito. Diversamente da quanto si possa pensare, l\u2019infestazione di pidocchi non \u00e8 indice di mancanza d&#8217;igiene, ma l\u2019esatto contrario, in quanto questo tipo di insetti parassiti predilige un ambiente pulito, secco e non grasso. I pidocchi vivono circa un mese e depositano le uova, chiamate lendini, nelle zone calde come, per esempio, la cute dietro alle orecchie. I pidocchi riescono a sopravvivere dai 2 ai 3 giorni al di fuori del proprio habitat, per esempio attaccandosi agli abiti. In conseguenza al contatto generalmente ravvicinato dei bambini ed alla qualit\u00e0 dei loro capelli, la fascia di et\u00e0 compresa fra i 5 e gli 11 anni risulta fortemente esposta al rischio di avere i pidocchi. I pidocchi sono in grado di galleggiare e nuotare, e pertanto \u00e8 possibile essere invasi anche in piscina.<br \/>\nIl tea tree oil \u00e8 efficace nella prevenzione e nella cura delle infestazioni di pidocchi. Per prevenire ci\u00f2, si consiglia di bagnare un pettine con qualche goccia di olio di tea tree e pettinarsi, mentre per il trattamento vero e proprio consigliamo di aggiungere 15-20 gocce di tea tree oil ad un cucchiaio di olio di oliva, lasciare in applicazione sui capelli per almeno 60 minuti, dopodich\u00e9 detergere i capelli come di consueto.<\/p>\n<h3>Forfora<\/h3>\n<p>La forfora, o pitiriasi, \u00e8 un disturbo piuttosto comune nel quale il cuoio capelluto si presenta ricoperto da residui di cellule morte secche dal colore biancastro, il cui ricambio ha luogo molto pi\u00f9 velocemente del normale. Tale eccessivo distacco di squame e scaglie \u00e8 generalmente accompagnato da forte prurito. Pettinare, spazzolare e sfregare la cute sono azioni che tendono a favorire il distacco delle squame.<br \/>\nL\u2019olio di tea tree pu\u00f2 essere utile in caso di forfora secca e dermatite seborroica del cuoio capelluto. Le propriet\u00e0 disinfettanti e sebo-equilibranti del tea tree oil possono portare beneficio in caso di dermatite e problemi del cuoio capelluto. Si consiglia di effettuare frizioni ed aggiungere 3 gocce di olio essenziale di tea tree oil allo shampoo.<\/p>\n<h3>Parassiti degli animali<\/h3>\n<p>Le propriet\u00e0 parassiticide del tea tree oil aiutano ad eliminare eventuali parassiti presenti nel pelo degli animali domestici. Si consiglia di utilizzare l&#8217;olio di tea tree sempre adeguatamente diluito e frizionare il pelo. In caso di zecche, rimuovete immediatamente il parassita dall\u2019animale con le apposite pinzette, dopodich\u00e9 disinfettate la ferita con qualche goccia di tea tree oil diluita con un altro olio, per evitare che il contatto con la cute provochi irritazioni.<\/p>\n<h3>Crosta lattea<\/h3>\n<p>I neonati ed i lattanti presentano spesso la crosta lattea, nota anche come dermatite seborroica neonatale, un disturbo che interessa il cuoio capelluto e si manifesta con segni di desquamazione cutanea, accompagnati da squamette untuose di colore giallognolo. La desquamazione associata alla crosta lattea si manifesta anche intorno alle sopracciglia, alle palpebre, all&#8217;orecchio e spesso interessa anche il mento e la fronte. La crosta lattea tende generalmente a scomparire autonomamente senza necessit\u00e0 di trattamenti specifici, comunque utili per favorirne la guarigione. Si tratta in genere di una condizione non irritante e pruriginosa, che per fortuna non arreca particolare fastidio al neonato.<br \/>\nUna miscela di olio essenziale di tea tree ed olio per bambini 1:10 \u00e8 utile per ridurre il rischio di infezione ed aiuta la cute a rigenerarsi. In alternativa potete aggiungere 5-6 gocce di tea tree oil ad un po\u2019 di olio di oliva, applicare il composto direttamente sul cuoio capelluto e massaggiare con delicatezza, facendo attenzione a non entrare in contatto con gli occhi.<\/p>\n<h3>Dolori reumatici e muscolari<\/h3>\n<p>Con massaggi mirati, l\u2019olio di tea tree porta sollievo dai dolori muscolari e reumatici. Si consiglia di unire 20 ml di olio di mandorle dolci o di olio d\u2019oliva a 6 gocce di olio essenziale di tea tree, dopodich\u00e9 procedere frizionando e massaggiando la parte interessata.<\/p>\n<h3>Sistema nervoso<\/h3>\n<p>Bench\u00e9 venga prevalentemente usato per disturbi di tipo fisico, l\u2019olio essenziale di tea tree \u00e8 un toccasana anche per il sistema nervoso in caso di tendenza alla depressione, spossatezza, fatica mentale e svogliatezza, specialmente in soggetti con difese organiche indebolite. L\u2019olio essenziale di tea tree con il suo caratteristica fragranza forte, intensa e pungente sembrerebbe infatti stimolare e favorire le capacit\u00e0 reattive dell\u2019individuo.<\/p>\n<h3>Pulizia della casa<\/h3>\n<p>Il tea tree oil \u00e8 utilizzato anche nel settore dedicato alla pulizia della casa. Diluito con acqua e spruzzato su specchi, superfici in vetro, maniglie, finestre, mobili, tavoli della cucina e sanitari pu\u00f2 favorire un ambiente perfettamente disinfettato. Per pulire i pavimenti, si consiglia di versare 15 gocce di tea tree oil in un secchio d\u2019acqua, unitamente a mezzo bicchiere di bicarbonato e 15 gocce di un\u2019essenza rinfrescante. Provate ad aggiungere 10 gocce di olio di tea tree nel bucato per disinfettarlo e sterilizzarlo, o anche nella vaschetta della lavastoviglie. Aggiungete qualche goccia di olio essenziale di tea tree negli umidificatori dei caloriferi o nei diffusori per depurare l\u2019ambiente.<\/p>\n","protected":false},"excerpt":{"rendered":"<p>Rinite, sinusite e raffreddore Una delle patologie pi\u00f9 comuni a livello mondiale, il raffreddore \u00e8 una malattia altamente contagiosa, di origine virale, che provoca l&#8217;infiammazione della mucosa nasale e faringea. La rinite, causata da un\u2019infiammazione cronica o acuta della mucosa del naso dovuta a virus, batteri o irritazioni, consiste invece nell\u2019irritazione di alcune aree interne &hellip;<\/p>\n","protected":false},"author":0,"featured_media":0,"parent":0,"menu_order":0,"comment_status":"closed","ping_status":"closed","template":"","meta":{"footnotes":""},"class_list":["post-116","page","type-page","status-publish",""],"yoast_head":"<!-- This site is optimized with the Yoast SEO plugin v26.9 - https:\/\/yoast.com\/product\/yoast-seo-wordpress\/ -->\n<title>Tea Tree Oil - Utilizzo<\/title>\n<meta name=\"description\" content=\"Il tea tree oil \u00e8 un prodotto utile per la cosmesi, come antisettico ed antibatterico, per la pulizia della casa e pu\u00f2 debellare bacilli, batteri e funghi.\" \/>\n<meta name=\"robots\" content=\"index, follow, max-snippet:-1, max-image-preview:large, max-video-preview:-1\" \/>\n<link rel=\"canonical\" href=\"https:\/\/teatreeoil.it\/?page_id=116\" \/>\n<meta property=\"og:locale\" content=\"it_IT\" \/>\n<meta property=\"og:type\" content=\"article\" \/>\n<meta property=\"og:title\" content=\"Tea Tree Oil - Utilizzo\" \/>\n<meta property=\"og:description\" content=\"Il tea tree oil \u00e8 un prodotto utile per la cosmesi, come antisettico ed antibatterico, per la pulizia della casa e pu\u00f2 debellare bacilli, batteri e funghi.\" \/>\n<meta property=\"og:url\" content=\"https:\/\/teatreeoil.it\/?page_id=116\" \/>\n<meta property=\"og:site_name\" content=\"Tea Tree Oil\" \/>\n<meta property=\"article:modified_time\" content=\"2017-04-21T11:28:36+00:00\" \/>\n<meta name=\"twitter:card\" content=\"summary_large_image\" \/>\n<meta name=\"twitter:label1\" content=\"Tempo di lettura stimato\" \/>\n\t<meta name=\"twitter:data1\" content=\"13 minuti\" \/>\n<script type=\"application\/ld+json\" class=\"yoast-schema-graph\">{\"@context\":\"https:\/\/schema.org\",\"@graph\":[{\"@type\":\"WebPage\",\"@id\":\"https:\/\/teatreeoil.it\/?page_id=116\",\"url\":\"https:\/\/teatreeoil.it\/?page_id=116\",\"name\":\"Tea Tree Oil - Utilizzo\",\"isPartOf\":{\"@id\":\"https:\/\/teatreeoil.it\/#website\"},\"datePublished\":\"2014-03-14T09:27:54+00:00\",\"dateModified\":\"2017-04-21T11:28:36+00:00\",\"description\":\"Il tea tree oil \u00e8 un prodotto utile per la cosmesi, come antisettico ed antibatterico, per la pulizia della casa e pu\u00f2 debellare bacilli, batteri e funghi.\",\"breadcrumb\":{\"@id\":\"https:\/\/teatreeoil.it\/?page_id=116#breadcrumb\"},\"inLanguage\":\"it-IT\",\"potentialAction\":[{\"@type\":\"ReadAction\",\"target\":[\"https:\/\/teatreeoil.it\/?page_id=116\"]}]},{\"@type\":\"BreadcrumbList\",\"@id\":\"https:\/\/teatreeoil.it\/?page_id=116#breadcrumb\",\"itemListElement\":[{\"@type\":\"ListItem\",\"position\":1,\"name\":\"Home\",\"item\":\"https:\/\/teatreeoil.it\/\"},{\"@type\":\"ListItem\",\"position\":2,\"name\":\"Tea Tree Oil &#8211; Utilizzo\"}]},{\"@type\":\"WebSite\",\"@id\":\"https:\/\/teatreeoil.it\/#website\",\"url\":\"https:\/\/teatreeoil.it\/\",\"name\":\"Tea Tree Oil\",\"description\":\"Propriet\u00e0, storia ed utilizzo\",\"potentialAction\":[{\"@type\":\"SearchAction\",\"target\":{\"@type\":\"EntryPoint\",\"urlTemplate\":\"https:\/\/teatreeoil.it\/?s={search_term_string}\"},\"query-input\":{\"@type\":\"PropertyValueSpecification\",\"valueRequired\":true,\"valueName\":\"search_term_string\"}}],\"inLanguage\":\"it-IT\"}]}<\/script>\n<!-- \/ Yoast SEO plugin. -->","yoast_head_json":{"title":"Tea Tree Oil - Utilizzo","description":"Il tea tree oil \u00e8 un prodotto utile per la cosmesi, come antisettico ed antibatterico, per la pulizia della casa e pu\u00f2 debellare bacilli, batteri e funghi.","robots":{"index":"index","follow":"follow","max-snippet":"max-snippet:-1","max-image-preview":"max-image-preview:large","max-video-preview":"max-video-preview:-1"},"canonical":"https:\/\/teatreeoil.it\/?page_id=116","og_locale":"it_IT","og_type":"article","og_title":"Tea Tree Oil - Utilizzo","og_description":"Il tea tree oil \u00e8 un prodotto utile per la cosmesi, come antisettico ed antibatterico, per la pulizia della casa e pu\u00f2 debellare bacilli, batteri e funghi.","og_url":"https:\/\/teatreeoil.it\/?page_id=116","og_site_name":"Tea Tree Oil","article_modified_time":"2017-04-21T11:28:36+00:00","twitter_card":"summary_large_image","twitter_misc":{"Tempo di lettura stimato":"13 minuti"},"schema":{"@context":"https:\/\/schema.org","@graph":[{"@type":"WebPage","@id":"https:\/\/teatreeoil.it\/?page_id=116","url":"https:\/\/teatreeoil.it\/?page_id=116","name":"Tea Tree Oil - Utilizzo","isPartOf":{"@id":"https:\/\/teatreeoil.it\/#website"},"datePublished":"2014-03-14T09:27:54+00:00","dateModified":"2017-04-21T11:28:36+00:00","description":"Il tea tree oil \u00e8 un prodotto utile per la cosmesi, come antisettico ed antibatterico, per la pulizia della casa e pu\u00f2 debellare bacilli, batteri e funghi.","breadcrumb":{"@id":"https:\/\/teatreeoil.it\/?page_id=116#breadcrumb"},"inLanguage":"it-IT","potentialAction":[{"@type":"ReadAction","target":["https:\/\/teatreeoil.it\/?page_id=116"]}]},{"@type":"BreadcrumbList","@id":"https:\/\/teatreeoil.it\/?page_id=116#breadcrumb","itemListElement":[{"@type":"ListItem","position":1,"name":"Home","item":"https:\/\/teatreeoil.it\/"},{"@type":"ListItem","position":2,"name":"Tea Tree Oil &#8211; Utilizzo"}]},{"@type":"WebSite","@id":"https:\/\/teatreeoil.it\/#website","url":"https:\/\/teatreeoil.it\/","name":"Tea Tree Oil","description":"Propriet\u00e0, storia ed utilizzo","potentialAction":[{"@type":"SearchAction","target":{"@type":"EntryPoint","urlTemplate":"https:\/\/teatreeoil.it\/?s={search_term_string}"},"query-input":{"@type":"PropertyValueSpecification","valueRequired":true,"valueName":"search_term_string"}}],"inLanguage":"it-IT"}]}},"_links":{"self":[{"href":"https:\/\/teatreeoil.it\/index.php?rest_route=\/wp\/v2\/pages\/116","targetHints":{"allow":["GET"]}}],"collection":[{"href":"https:\/\/teatreeoil.it\/index.php?rest_route=\/wp\/v2\/pages"}],"about":[{"href":"https:\/\/teatreeoil.it\/index.php?rest_route=\/wp\/v2\/types\/page"}],"replies":[{"embeddable":true,"href":"https:\/\/teatreeoil.it\/index.php?rest_route=%2Fwp%2Fv2%2Fcomments&post=116"}],"version-history":[{"count":2,"href":"https:\/\/teatreeoil.it\/index.php?rest_route=\/wp\/v2\/pages\/116\/revisions"}],"predecessor-version":[{"id":129,"href":"https:\/\/teatreeoil.it\/index.php?rest_route=\/wp\/v2\/pages\/116\/revisions\/129"}],"wp:attachment":[{"href":"https:\/\/teatreeoil.it\/index.php?rest_route=%2Fwp%2Fv2%2Fmedia&parent=116"}],"curies":[{"name":"wp","href":"https:\/\/api.w.org\/{rel}","templated":true}]}}